 of 11778.
2, 3, 13, 151
What are the prime factors of 49706?
2, 29, 857
List the prime factors of 25702.
2, 71, 181
What are the prime factors of 3418?
2, 1709
List the prime factors of 17177.
89, 193
What are the prime factors of 21706?
2, 10853
List the prime factors of 1655.
5, 331
List the prime factors of 7794.
2, 3, 433
What are the prime factors of 5005?
5, 7, 11, 13
List the prime factors of 5483.
5483
List the prime factors of 14209.
13, 1093
List the prime factors of 70875.
3, 5, 7
What are the prime factors of 1693?
1693
List the prime factors of 1183.
7, 13
What are the prime factors of 715?
5, 11, 13
List the prime factors of 14414.
2, 7207
What are the prime factors of 4694?
2, 2347
List the prime factors of 4616.
2, 577
List the prime factors of 12421.
12421
What are the prime factors of 50233?
191, 263
What are the prime factors of 65534?
2, 7, 31, 151
List the prime factors of 3238.
2, 1619
List the prime factors of 947.
947
What are the prime factors of 3870?
2, 3, 5, 43
List the prime factors of 122754.
2, 3, 41, 499
List the prime factors of 20985.
3, 5, 1399
What are the prime factors of 27667?
73, 379
What are the prime factors of 22713?
3, 67, 113
List the prime factors of 36838.
2, 113, 163
What are the prime factors of 675?
3, 5
List the prime factors of 6255.
3, 5, 139
List the prime factors of 13704.
2, 3, 571
What are the prime factors of 50679?
3, 1877
What are the prime factors of 2450?
2, 5, 7
List the prime factors of 4409.
4409
What are the prime factors of 35108?
2, 67, 131
What are the prime factors of 109167?
3, 36389
List the prime factors of 4708.
2, 11, 107
List the prime factors of 4876.
2, 23, 53
What are the prime factors of 21158?
2, 71, 149
List the prime factors of 2618.
2, 7, 11, 17
List the prime factors of 4221.
3, 7, 67
List the prime factors of 5566.
2, 11, 23
What are the prime factors of 522?
2, 3, 29
What are the prime factors of 14865?
3, 5, 991
List the prime factors of 6068.
2, 37, 41
What are the prime factors of 2233?
7, 11, 29
List the prime factors of 48013.
7, 19
List the prime factors of 105317.
19, 23, 241
List the prime factors of 858.
2, 3, 11, 13
What are the prime factors of 15524?
2, 3881
List the prime factors of 5876.
2, 13, 113
What are the prime factors of 5550?
2, 3, 5, 37
List the prime factors of 59.
59
What are the prime factors of 31476?
2, 3, 43, 61
What are the prime factors of 343?
7
What are the prime factors of 10482?
2, 3, 1747
What are the prime factors of 19535?
5, 3907
List the prime factors of 3.
3
List the prime factors of 1907.
1907
List the prime factors of 55641.
3, 17, 1091
What are the prime factors of 2321?
11, 211
List the prime factors of 1775.
5, 71
What are the prime factors of 2702?
2, 7, 193
List the prime factors of 132710.
2, 5, 23, 577
List the prime factors of 3971.
11, 19
What are the prime factors of 683?
683
What are the prime factors of 102547?
102547
What are the prime factors of 2962?
2, 1481
List the prime factors of 549.
3, 61
List the prime factors of 2125.
5, 17
What are the prime factors of 807?
3, 269
What are the prime factors of 1068?
2, 3, 89
List the prime factors of 16332.
2, 3, 1361
What are the prime factors of 1266?
2, 3, 211
List the prime factors of 12307.
31, 397
List the prime factors of 20973.
3, 6991
List the prime factors of 2438.
2, 23, 53
List the prime factors of 60569.
37, 1637
What are the prime factors of 8845?
5, 29, 61
List the prime factors of 740.
2, 5, 37
What are the prime factors of 674?
2, 337
List the prime factors of 5017.
29, 173
What are the prime factors of 58026?
2, 3, 19, 509
What are the prime factors of 83?
83
What are the prime factors of 3228?
2, 3, 269
What are the prime factors of 126576?
2, 3, 293
List the prime factors of 3160.
2, 5, 79
What are the prime factors of 2700?
2, 3, 5
What are the prime factors of 40791?
3, 13597
What are the prime factors of 25761?
3, 31, 277
List the prime factors of 171632.
2, 17, 631
List the prime factors of 71918.
2, 7, 11, 467
List the prime factors of 8133.
3, 2711
List the prime factors of 523.
523
List the prime factors of 880.
2, 5, 11
List the prime factors of 133802.
2, 149, 449
List the prime factors of 36976.
2, 2311
List the prime factors of 1183.
7, 13
List the prime factors of 77380.
2, 5, 53, 73
List the prime factors of 1178.
2, 19, 31
List the prime factors of 13056.
2, 3, 17
List the prime factors of 2796.
2, 3, 233
List the prime factors of 16857.
3, 1873
What are the prime factors of 1063?
1063
What are the prime factors of 1657?
1657
List the prime factors of 1396.
2, 349
What are the prime factors of 4854?
2, 3, 809
List the prime factors of 3531.
3, 11, 107
What are the prime factors of 4632?
2, 3, 193
What are the prime factors of 1241?
17, 73
What are the prime factors of 54795?
3, 5, 13, 281
List the prime factors of 4501.
7, 643
What are the prime factors of 670?
2, 5, 67
List the prime factors of 174.
2, 3, 29
What are the prime factors of 5350?
2, 5, 107
List the prime factors of 394.
2, 197
List the prime factors of 2787.
3, 929
List the prime factors of 701.
701
List the prime factors of 1698.
2, 3, 283
List the prime factors of 27883.
27883
List the prime factors of 34537.
34537
What are the prime factors of 1724?
2, 431
List the prime factors of 35185.
5, 31, 227
List the prime factors of 2119.
13, 163
What are the prime factors of 27517?
7, 3931
List the prime factors of 706.
2, 353
What are the prime factors of 82878?
2, 3, 19, 727
List the prime factors of 399.
3, 7, 19
What are the prime factors of 19698?
2, 3, 7, 67
What are the prime factors of 2377?
2377
What are the prime factors of 735?
3, 5, 7
List the prime factors of 1773.
3, 197
What are the prime factors of 13473?
3, 499
What are the prime factors of 21661?
21661
List the prime factors of 51977.
51977
What are the prime factors of 1203?
3, 401
What are the prime factors of 58236?
2, 3, 23, 211
List the prime factors of 4031.
29, 139
List the prime factors of 5647.
5647
List the prime factors of 2063.
2063
List the prime factors of 1659.
3, 7, 79
What are the prime factors of 1792?
2, 7
What are the prime factors of 29?
29
List the prime factors of 19761.
3, 7, 941
What are the prime factors of 900?
2, 3, 5
List the prime factors of 1837.
11, 167
What are the prime factors of 111097?
7, 59, 269
What are the prime factors of 4363?
4363
List the prime factors of 2991.
3, 997
What are the prime factors of 66448?
2, 4153
What are the prime factors of 67454?
2, 29, 1163
What are the prime factors of 28742?
2, 7, 2053
List the prime factors of 58476.
2, 3, 11, 443
List the prime factors of 943.
23, 41
List the prime factors of 1242.
2, 3, 23
What are the prime factors of 4665?
3, 5, 311
What are the prime factors of 10832?
2, 677
List the prime factors of 2969.
2969
What are the prime factors of 113?
113
List the prime factors of 1344.
2, 3, 7
What are the prime factors of 9509?
37, 257
What are the prime factors of 332?
2, 83
List the prime factors of 526.
2, 263
What are the prime factors of 474?
2, 3, 79
List the prime factors of 7576.
2, 947
List the prime factors of 207.
3, 23
What are the prime factors of 1943?
29, 67
List the prime factors of 622.
2, 311
List the prime factors of 8141.
7, 1163
What are the prime factors of 1415?
5, 283
List the prime factors of 5353.
53, 101
List the prime factors of 4065.
3, 5, 271
What are the prime factors of 17714?
2, 17, 521
What are the prime factors of 2781?
3, 103
List the prime factors of 26044.
2, 17, 383
What are the prime factors of 400?
2, 5
What are the prime factors of 21306?
2, 3, 53, 67
What are the prime factors of 8526?
2, 3, 7, 29
What are the prime factors of 411?
3, 137
What are the prime factors of 1914?
2, 3, 11, 29
List the prime factors of 120971.
137, 883
List the prime factors of 70117.
70117
List the prime factors of 338.
2, 13
List the prime factors of 133813.
133813
What are the prime factors of 1189?
29, 41
List the prime factors of 5512.
2, 13, 53
What are the prime factors of 257?
257
List the prime factors of 12027.
3, 19, 211
List the prime factors of 16740.
2, 3, 5, 31
What are the prime factors of 7313?
71, 103
What are the prime factors of 2051?
7, 293
List the prime factors of 25